{"version":"1.0","provider_name":"intoscana","provider_url":"https:\/\/www.intoscana.it\/it","author_name":"Redazione","author_url":"https:\/\/www.intoscana.it\/it\/author\/redazione\/","title":"Il concerto di Pasqua diretto da Zubin Mehta con il Maggio Fiorentino su Rai Uno","type":"rich","width":600,"height":338,"html":"<blockquote class=\"wp-embedded-content\" data-secret=\"ixOLjreNEO\"><a href=\"https:\/\/www.intoscana.it\/it\/zubin-mehta-pasqua-maggio\/\">Il concerto di Pasqua diretto da Zubin Mehta con il Maggio Fiorentino su Rai Uno<\/a><\/blockquote><iframe sandbox=\"allow-scripts\" security=\"restricted\" src=\"https:\/\/www.intoscana.it\/it\/zubin-mehta-pasqua-maggio\/embed\/#?secret=ixOLjreNEO\" width=\"600\" height=\"338\" title=\"&#8220;Il concerto di Pasqua diretto da Zubin Mehta con il Maggio Fiorentino su Rai Uno&#8221; &#8212; intoscana\" data-secret=\"ixOLjreNEO\" frameborder=\"0\" marginwidth=\"0\" marginheight=\"0\" scrolling=\"no\" class=\"wp-embedded-content\"><\/iframe><script>\n\/*! This file is auto-generated *\/\n!function(d,l){\"use strict\";l.querySelector&&d.addEventListener&&\"undefined\"!=typeof URL&&(d.wp=d.wp||{},d.wp.receiveEmbedMessage||(d.wp.receiveEmbedMessage=function(e){var t=e.data;if((t||t.secret||t.message||t.value)&&!\/[^a-zA-Z0-9]\/.test(t.secret)){for(var s,r,n,a=l.querySelectorAll('iframe[data-secret=\"'+t.secret+'\"]'),o=l.querySelectorAll('blockquote[data-secret=\"'+t.secret+'\"]'),c=new RegExp(\"^https?:$\",\"i\"),i=0;i<o.length;i++)o[i].style.display=\"none\";for(i=0;i<a.length;i++)s=a[i],e.source===s.contentWindow&&(s.removeAttribute(\"style\"),\"height\"===t.message?(1e3<(r=parseInt(t.value,10))?r=1e3:~~r<200&&(r=200),s.height=r):\"link\"===t.message&&(r=new URL(s.getAttribute(\"src\")),n=new URL(t.value),c.test(n.protocol))&&n.host===r.host&&l.activeElement===s&&(d.top.location.href=t.value))}},d.addEventListener(\"message\",d.wp.receiveEmbedMessage,!1),l.addEventListener(\"DOMContentLoaded\",function(){for(var e,t,s=l.querySelectorAll(\"iframe.wp-embedded-content\"),r=0;r<s.length;r++)(t=(e=s[r]).getAttribute(\"data-secret\"))||(t=Math.random().toString(36).substring(2,12),e.src+=\"#?secret=\"+t,e.setAttribute(\"data-secret\",t)),e.contentWindow.postMessage({message:\"ready\",secret:t},\"*\")},!1)))}(window,document);\n<\/script>\n","thumbnail_url":"https:\/\/www.intoscana.it\/wp-content\/uploads\/166961979_10159086356044035_675752477562091555_n.jpg","thumbnail_width":1875,"thumbnail_height":1250,"description":"Il concerto verr\u00e0 registrato luned\u00ec 22 marzo 2021 nel Duomo di Orvieto e poi trasmesso su Rai 1 il Venerd\u00ec Santo alle ore 00.40\u00a0e in replica su Rai 5 il giorno successivo alle 19.35"}

Il concerto verrà registrato lunedì 22 marzo 2021 nel Duomo di Orvieto e poi trasmesso su Rai 1 il Venerdì Santo alle ore 00.40 e in replica su Rai 5 il giorno successivo alle 19.35
